e second derivative of -c**4/12 - 2*c**3/3 - 3*c**2/2 - 1656*c. What is t(k)?
-15
Suppose 5*y = 4 + 1. Let f(j) = 5*j**2 + 2 + 0 + 3*j - y - j. Suppose -r + 13 = -4*r - 2*k, -5*r + 20 = -5*k. Calculate f(r).
4
Let b(j) = j**3 - 6*j**2 + j - 3. Let g(t) = t**2 + 3*t + 16. Let p(l) = -2*l**2 - 7*l - 31. Let k(x) = -7*g(x) - 4*p(x). Let o be k(-6). Give b(o).
3
Suppose -6*m = 25 - 7. Let p(k) = -k + 2. Let a(h) = 2*h - 16. Let f(w) = -a(w) - 6*p(w). Give f(m).
-8
Let m = -107 + 104. Let z(l) = -l**2 - 5*l - 4. Calculate z(m).
2
Let s(r) be the second derivative of -r**5/60 - 5*r**4/24 + 7*r**3/6 + 7*r**2 + 5*r. Let v(l) be the first derivative of s(l). Calculate v(-6).
1
Let v(b) = 2*b - 3*b + 27*b - 3*b. Determine v(-3).
-69
Suppose -3*t + 22 = 4. Let o(y) = t*y + 93 - 3*y - y - 100. Determine o(6).
5
Let u = 87 - 90. Let w(v) = -3*v - 4. Give w(u).
5
Let t(a) = -a - 30. Let u be t(0). Let h be -7*(-3)/((-63)/u). Let j(k) = -14*k + 4 + 23*k + k**3 - h*k - 3*k**2. Give j(3).
1
Let w(f) = -2*f**2 + 2*f + 3. Let t(z) = z**3 - 20*z**2 - 24*z + 43. Let x be t(21). Let j(m) = -2*m**3 - 40*m**2 - 2. Let h be j(x). What is w(h)?
-9
Let f(c) = -7*c + 117. Let n be f(16). Let z(p) = p**2 - 2*p - 3. What is z(n)?
12
Let s(r) be the third derivative of -1/30*r**5 + 1/120*r**6 - 1/2*r**3 + 0*r + 0 + 3*r**2 + 1/8*r**4. Suppose 1 = -4*f + 9. Calculate s(f).
3
Let p(i) = 19*i**3 + 22*i**3 - 8*i + 6*i**2 - 42*i**3 + 4. Calculate p(5).
-11
Let q = 91 - 86. Let m(h) = 1. Let u(p) = -3*p + 10. Let z(b) = -3*m(b) + u(b). Determine z(q).
-8
Let f(k) = -22*k**2 - 57*k - 15. Let p(g) = 10*g**2 + 27*g + 8. Let b(m) = -4*f(m) - 9*p(m). What is b(-7)?
-5
Let r(u) = -u. Let b(f) = -2*f**2 - 9*f. Let h(t) = -b(t) + 5*r(t). What is h(-4)?
16
Let o(r) be the second derivative of r**3/3 + 9*r**2/2 - r. Suppose 4*u + 0*b - 84 = 3*b, -2*u + 40 = -2*b. Suppose 0 - u = 4*k. Determine o(k).
-3
Let s be 3/((-5 - -2)/(24 + -7)). Let i(y) = 3*y + 52. What is i(s)?
1
Let h(m) = -m**3 - 6*m**2 - 5*m. Let t(i) = 3*i - 2. Suppose 2 = -4*y + 2*y. Let b be t(y). Determine h(b).
0
Let h(d) = -3*d**2 + 5*d + 11. Let z(t) = -4*t**2 + 9*t + 11. Let r(n) = -5*h(n) + 4*z(n). Determine r(9).
7
Let d(v) = -2*v**2 + 2*v - 1. Let l = 27 + -13. Let m be l/(0 - 2)*-1. Suppose m + 2 = 3*n. Determine d(n).
-13
Let s(z) be the second derivative of -z**4/12 + 7*z**3/6 - 3*z**2/2 + 101*z. What is s(5)?
7
Suppose 0 = -3*g + h + 3 - 13, -5*h = 4*g + 45. Let o be g/(-15)*12/2. Let c(k) = 4*k - 2. What is c(o)?
6
Let b be (-24)/(-10) + 2/(-5). Let d(h) = -2*h. Let j(p) = -p - 3. Let l(m) = -4*d(m) + j(m). Calculate l(b).
11
Suppose -4 = 4*b + 4*s, -b - 3*s = -2*b - 13. Let w(m) = 13*m**2 - 14*m - 23. Let n(q) = -8*q**2 + 9*q + 14. Let t(h) = 8*n(h) + 5*w(h). What is t(b)?
5
Let k(z) = z**3 - 7*z**2 + 4*z + 8. Let h(a) = -a**2 + 12*a - 14. Let s be h(10). Give k(s).
-4
Let n(m) be the second derivative of -3/2*m**2 - 2/3*m**3 + 0 + 8*m. Give n(-3).
9
Let f(d) = -d**2 - 7*d - 2. Let i(p) = -8*p - 23. Let t(m) = 12*m + 34. Let j(s) = -8*i(s) - 5*t(s). Let o be j(-12). Let g = o + 31. What is f(g)?
10
Let g(s) = -s**2 - 12*s + 6. Let d be (-4)/42 - (7345/273 - 15). Determine g(d).
6
Let w(u) = -6*u**2 + 6*u**3 + u - 4*u**3 - 3 - 3*u**3. Let f = -354 - -348. What is w(f)?
-9
Suppose -2*o = y - 1 - 1, -3*o + 4*y = -3. Let l(v) = 16*v**3 - 3*v**2 + 4. Let z(n) = n**3 - n**2 + 1. Let t(a) = o*l(a) - 5*z(a). Calculate t(-1).
-10
Let w be (4/(-4))/(1/(-6)). Let u(x) = -4*x - x**2 + w*x**2 + 3 - 4*x**2. Suppose 6*c + 38 - 56 = 0. What is u(c)?
0
Let l be (-1)/11*31 + (-4)/22. Let x(v) = -3*v + 10. Let a(g) = 0 + 0 + 14 - 6*g + 7. Let p(f) = l*a(f) + 7*x(f). Determine p(6).
-11
Let a be 1/((-2)/(-3) - 1). Let m(x) be the second derivative of -x**3/3 + 47*x. Let p(o) = 4*o - 1. Let z(y) = a*p(y) - 5*m(y). Give z(4).
-5
Let n(j) = -j**3 - 7*j**2 - 10*j - 6. Let b = -311 - -305. What is n(b)?
18
Suppose m - 1 = -2. Suppose 5*i - q + 0*q - 14 = 0, -i = 4*q + 14. Let h(j) = -7*j + 8*j**i + 5*j + 2*j. Determine h(m).
8
Let g(p) = -7*p**2 + 5*p + 2. Let c(j) = -6*j**2 + 5*j + 2. Let b(x) = 6*c(x) - 5*g(x). Let q be -6*(-16)/24 + (1 - 0). What is b(q)?
2
Let g(v) = v**3 - 4*v**2 - 9*v - 12. Let b be g(6). Let n(j) = -j**2 + 7*j + 2. What is n(b)?
8
Let q(t) = 2*t**2 - 18*t + 34. Let v be q(6). Let f(y) = -y**2 - 2*y - 3. Determine f(v).
-3
Let h(w) = 44*w**2 - 9*w - 11. Let g(p) = 15*p**2 - 3*p - 4. Let k(v) = 17*g(v) - 6*h(v). Give k(1).
-8
Suppose 3*f + 6 = 12. Let k(y) = -17*y - 5*y**f - y**3 + 12*y + 7*y + 4*y - 5. Determine k(-6).
-5
Let w(i) = -i + 1 - 4 + 4. Let h be w(6). Let d(j) = 4*j**2 + 5*j - 5. Let q(f) = -f**2 + f + 3. Let p(r) = d(r) + 2*q(r). Calculate p(h).
16
Let j be (0 + 4/4)/4*4. Let c(g) = -2*g**2 + 1. What is c(j)?
-1
Let j(t) be the third derivative of t**6/120 - t**5/30 - t**3/3 + t**2 + 9*t. What is j(2)?
-2
Let l(f) = -2*f + 6. Let d be (-70)/4*(-66)/55. Suppose 0 = -4*p + d + 7. Calculate l(p).
-8
Suppose -136 = -27*v - 1. Let f(b) = b**2 - 5*b + 10. What is f(v)?
10
Let r(j) = -2*j**2 - 17*j + 9. Let t(c) = c**2 + 15*c - 8. Let l(k) = -2*r(k) - 3*t(k). Give l(10).
-4
Let o(x) = 1. Let r(u) = -3*u + 20. Let t(m) = 6*o(m) - r(m). Let q be t(7). Let z(k) = k**3 - 7*k**2 + k - 10. Determine z(q).
-3
Suppose 17 = -2*p - 5*l, -2*l = 5*p - 3*l + 2. Let g(j) = -2*j. Let b(y) be the second derivative of y**2/2 + 39*y. Let k(u) = -b(u) + 3*g(u). Determine k(p).
5
Let a(u) be the third derivative of -u**5/60 + 3*u**4/8 - u**3/2 + 2*u**2 + 49*u. Let i = 6 - 3. Suppose -i*h + 4 = -z - 16, 3*h - 4 = 5*z. Calculate a(h).
5
Let s = 167 + -120. Let z(m) = 25 + 4*m**2 + 24 - m - s - m**2. Give z(2).
12
Let t(p) = -36. Let i(j) = j - 1. Let c(y) = -3*i(y) - t(y). Suppose -2*z = -5*z + 15. Let o(v) = -5*v + 59. Let a(b) = z*o(b) - 8*c(b). What is a(0)?
-17
Let d(s) be the second derivative of s**3/3 + 15*s**2/2 - 2*s + 1. Give d(-8).
-1
Let v(r) = r**3 - 6*r**2 + 7*r - 32. Let w be v(6). Let n(z) = -z**2 + 13*z - 26. Give n(w).
4
Suppose 3*n = 103 - 97. Let m(i) = 12*i**2 - 3*i + 3. Calculate m(n).
45
Suppose 71 - 90 = -b. Let d(a) = -4*a**2 - 25*a + b*a + 3*a**2. Calculate d(-6).
0
Let q be (-1 + (-12)/15)/((-27)/90). Let j(n) = -n**2 + 11*n - 25. Determine j(q).
5
Let c(i) = 12 + 6*i - i**2 - 23 + 7. Give c(4).
4
Let v(p) = 3*p - 4*p - 146 + 8*p**3 + 147 - p**2 - 3*p + 3*p. Let q = 0 - -1. Suppose -2*i - a = -3, 0 = -2*a + q + 1. Determine v(i).
7
Let r(c) = 3*c - 6. Let z(i) = 1. Let j(t) = -r(t) + z(t). Suppose 13*k - 26 = 52. What is j(k)?
-11
Let c be -2 + (1 - 2 - 0). Let u(y) = -86*y - 19. Let s(o) = -37*o - 9. Let n(m) = -7*s(m) + 3*u(m). Give n(c).
3
Let k = -660 + 662. Let t(w) = w**2 - 3*w. Determine t(k).
-2
Suppose -34*t + 12*t = -110. Let v(o) = 3*o - 10. Give v(t).
5
Let b = 116 + -112. Let j(k) = 5*k + 4. Calculate j(b).
24
Let r(y) = 2*y**2. Let k(o) = -o**2 + 111*o + 2. Let n be k(0). Determine r(n).
8
Let x(h) = -h - 4. Let p(s) = -2*s**3 - 15*s**2 + 7*s - 21. Let w be p(-8). What is x(w)?
9
Let l(f) = f**2 - 8*f - 11. Let t(j) = 3*j**2 + 9*j - 21. Let x be t(-5). Calculate l(x).
-2
Let l(b) be the first derivative of 3*b**2 + 3*b - 137. Calculate l(4).
27
Let j(w) = 2*w + 22. Let m(b) = 2*b + 12. Let h(p) = 4*j(p) - 7*m(p). Give h(4).
-20
Let i(c) = 4*c - 4. Let z(s) = 9*s - 5. Let v be z(1). Let k be 2/8 + 114/24. Let t(f) = -4*f + 3. Let x(n) = k*t(n) + v*i(n). What is x(1)?
-5
Let a(y) be the first derivative of 19*y**2/2 - y + 30. Determine a(1).
18
Suppose 4*o - 12 = o. Suppose -5 = 3*w - o*d - 0, 3*d - 11 = -5*w. Let f(s) = 6*s**3 - s. What is f(w)?
5
Suppose -3*r - 5*i = 12, -4*r + 2*r - 8 = 4*i. Let n be 2 + (-4)/r + -7. Let x(u) = u**3 + 3*u**2 - 4*u - 2. Let s be x(n). Let d(g) = g**3 - g. Calculate d(s).
-6
Let y(q) = q**3 + 7*q**2 + 3*q - 6. Let r(d) = -12*d + 5. Let i be r(1). Determine y(i).
-27
Let y be ((-306)/(-45))/((-2)/(-10)). Suppose -2*u - 4*i = -30, y = 4*u - 2*u + 5*i. Let t(s) = -4*s - 6*s + 0*s + u + 3*s - s**2. Give t(-6).
13
Let z(i) be the third derivative of i**4/24 + i**3/2 + i**2. Let k = 57 - 52. What is z(k)?
8
Let d be (-8)/(-3)*225/100. Let j(m) = m**2 - 9*m - 1. Determine j(d).
-19
Let s(n) = -26*n - 2. Let d(j) = -9*j - 1. Let i(m) = -17*d(m) + 6*s(m). Give 